+ 5*k**2 - k**g + k**2 - 7 + k. Give q(b).
-12
Let r(b) = 2*b**2 + 17*b + 34. Let t be r(-6). Let h(w) = -3 - t*w + 0*w + w + 5*w. Determine h(5).
7
Let t(i) = 34*i - 303 + 47*i - 26 - 24 - 135. What is t(6)?
-2
Let b(d) = -3*d + 5*d**2 - 4 - 5*d**3 + 0*d + 6*d**3. Let j = -66186 - -66182. Calculate b(j).
24
Let x(z) be the first derivative of -3*z**2/2 - 14*z + 320. Calculate x(-7).
7
Let u(m) = m**2 + 14*m - 17. Suppose 50 = -33*z - 18*z - 562. Determine u(z).
-41
Let g(m) = 3*m**3 + 21*m**2 + 9*m + 1. Let q(l) = l**3 + 10*l**2 + 4*l. Let y(a) = -2*g(a) + 5*q(a). Suppose 107*k - 295 + 221 - 782 = 0. Give y(k).
14
Let f(o) = -743*o**3 - 3*o - 3. Let c be f(-1). Let z = 745 - c. Let w(b) = -2*b**3 + b**2 + 3*b - 1. Determine w(z).
-7
Let f(w) = -w**3 + w**2 + w. Let l(p) = -4*p - 83. Let i be l(-21). Let c(d) = -8*d**3 - 6*d**2 + 6*d + 3. Let v(m) = i*c(m) - 6*f(m). Determine v(-6).
3
Let m(b) be the third derivative of b**6/180 + b**5/40 - 25*b**3/2 - 59*b**2. Let i(s) be the first derivative of m(s). Calculate i(-3).
9
Let w(b) = b**2 - 15*b - 21. Suppose -49*d + 4480 = -21*d. Suppose 0 = -8*a + 288 - d. Give w(a).
-5
Let n(u) = -106*u - 2115. Let p be n(-20). Let v(z) = z - 7. What is v(p)?
-2
Suppose 7*m - 163*a + 158*a + 40 = 0, 0 = 2*m - 3*a + 13. Let n(h) = h**2 + 4*h - 15. Calculate n(m).
-10
Let u(v) = v**3 - v + 3. Let n(f) = -f**3 - 8*f**2 - f - 54. Let o(q) = n(q) + 2*u(q). Let z be o(9). Let a(r) = r - 1. Calculate a(z).
5
Let g be (-5 + 3)*73*1. Let z = g - -149. Let k(u) = 3*u**2 + 2*u + 2*u**3 - 3*u**3 - 2*u**2. What is k(z)?
-12
Let k(d) be the third derivative of -19*d**5/60 + d**4/12 + d**3/3 + 26*d**2 + 28. Calculate k(2).
-70
Let a(v) = v**2 + 66*v + 553. Let o be a(-56). Let p(r) = 82*r + 571. What is p(o)?
-3
Let m(j) = -136*j - 35. Let u(k) = -59*k - 17. Let p(v) = 3*m(v) - 7*u(v). What is p(-5)?
-11
Let i(s) = -2*s + 3. Let r(p) = -15*p - 56. Let m be r(-4). Let c be (m/(-8)*-3)/((-5)/(-30)). What is i(c)?
-15
Suppose -47 = -2*g + 3*d, -2*g - d + 160 = 3*g. Suppose -1 = 6*y - g. Let w be 0/((y - 0)/5). Let r(p) = -p**2 + p + 3. Calculate r(w).
3
Let d be 0 - ((-4 - 3) + 3). Suppose d*q + 1 = n, 0*n + n + 5 = q. Let l(x) = -16*x - x**3 - 13*x + 9 - 19 + 27*x - 7*x**2. What is l(n)?
4
Suppose -4*y = -4, 2*y = -81*i + 79*i + 4. Suppose 0*v = -4*v + 4. Let u(k) = 1 + i - 2*k - 7*k - v. Determine u(1).
-8
Let c(g) = g**2 + 45*g + 359. Let k be (-1404)/1170 + 88/(-10). Give c(k).
9
Let i(z) = -2*z**3 + 17*z**2 + 29*z + 15. Let v be i(10). Let x(r) = r**2 - 2*r - 8. What is x(v)?
7
Let y(w) = -98*w**2 + 104*w - 14. Let i(q) = -14*q**2 + 15*q - 2. Let s(j) = -27*i(j) + 4*y(j). Give s(2).
-36
Let n(v) = 8 - 42*v - 35*v + 11*v + 68*v. Let h = -19 + 11. Give n(h).
-8
Suppose 19*x = 18*x + 2. Suppose 0 = -x*i + 3*i + 3, j - 2*i - 3 = 0. Let o(a) = -a**3 - 2*a**2 + 2*a - 4. Calculate o(j).
-1
Suppose 16*k + 38 = 12*k - 5*r, -13*k + 4*r - 164 = 0. Let z(x) = -x**3 - 13*x**2 - 12*x - 12. Determine z(k).
-12
Let l(g) = g - 9. Let s(t) = t**2 + 10*t + 30. Let q be s(-5). Suppose 0 = q*z - 309 + 269. Determine l(z).
-1
Let k(z) = 199 + 194 + 9*z - 581 + 187 + 2*z. Calculate k(0).
-1
Suppose b + 7 = 4. Let h be 6 + (-1 - (-3 - -1))*b. Suppose 4 = -7*l - h. Let q(c) = 20*c + 1. Give q(l).
-19
Let k(v) = -32*v - 336. Let o be k(-11). Let h(i) = 2*i**3 - 33*i**2 + 17*i - 12. Calculate h(o).
4
Let u(v) = -v**3 - 16*v**2 + 17*v + 6. Let x be u(-17). Let z(m) = -73*m - 69*m + 146*m - 3. What is z(x)?
21
Suppose -26*z + 78*z - 23*z = 174. Let k(g) = g**2 - 9*g + 17. What is k(z)?
-1
Let m(y) be the first derivative of -2*y**3/3 - 11*y**2 + 10*y + 1826. Determine m(-12).
-14
Let u(g) = 3*g**3 + g - 2. Suppose -5*i = m - 22 + 7, -3*m + i = -29. Let c(k) = -k**3 + 10*k**2 + 6. Let p be c(m). Suppose -24*h + 27*h - p = 0. What is u(h)?
24
Let w(z) be the third derivative of 0 + 0*z**4 + 0*z - 87*z**2 + 1/120*z**6 - 2/3*z**3 - 3/20*z**5. What is w(9)?
-4
Let q(l) = 16*l - 69. Let i be q(4). Let k(w) = -4*w**2 - 17*w - 21. Let p(z) = 3*z**2 + 11*z + 15. Let u(m) = i*k(m) - 7*p(m). Determine u(4).
16
Let b(d) = 6*d. Let s(u) = -u - 4. Let r be s(-14). Suppose 7*o + r = 3. Let a be 0 - (-4)/(-1) - (-2 + o). What is b(a)?
-6
Suppose -2*i = m - 602, i + 593 = 5*m - 4*m. Let c(g) = m - 596 + 10*g. Determine c(-1).
-10
Let v = 8 - 3. Suppose 0*z + v*z = 25. Let k(t) = 6*t + 0*t + 2 - 3*t + 3*t - 7*t**2 - 35*t**3 + 36*t**3. Give k(z).
-18
Let b = -255 + 263. Suppose 2*y - 6 = 2, -q - 2*y = -b. Let p(u) = u - 1. Determine p(q).
-1
Let v = 42240 - 42234. Let c(z) = -2*z**2 + 7*z + 1. Give c(v).
-29
Let r(m) = m**3 + 5*m**2 + m - 8. Suppose -1 = -4*z - 3*h, -5*h + 2*h + 9 = 0. What is r(z)?
2
Let q = -353 + 410. Suppose -4*p = 3*u + q, -p - 2 - 10 = 3*u. Let a(o) = -o - 20. What is a(p)?
-5
Let v(u) = u**2 - 1. Let p be 3 - ((-6)/27 - (-626)/(-18)). Let l = -36 + p. Suppose -w + l*t = -4*w + 4, 0 = 2*w + 4*t + 8. Calculate v(w).
15
Suppose -4*o = -5*o - 3*p - 12, 2*p = 4*o - 22. Let b(t) be the third derivative of -t**6/120 + t**5/15 - t**4/24 - t**3/6 + t**2 - 4. What is b(o)?
5
Let c(f) = -5057*f - 4 - 21 + 5054*f. Calculate c(-8).
-1
Let y(g) = -g**2 - g + 1. Let d(p) be the second derivative of p**4/12 + p**3/3 - 5*p**2/2 + 127*p. Let o(a) = -d(a) - 2*y(a). Calculate o(-3).
12
Let c(h) be the first derivative of -h**3/3 - 6*h**2 - 11*h - 33. Suppose 52 + 12 = -4*z + 5*y, 5*z = 3*y - 67. Give c(z).
0
Let t(b) = -16 - 26*b**2 + 25*b**2 + 12*b + 0*b - b + 19. Calculate t(6).
33
Let i(c) = 14*c**3 + 1. Let m(o) = -o**3 + 24*o**2 + 49*o + 77. Suppose -u + 338 = 12*u. Let j be m(u). Calculate i(j).
-13
Let w(q) = -q**3 + q**2 + 2*q - 1. Suppose -j - 32 = -5*o + 50, -4*j + 24 = 2*o. Let f = 6 + -5. Let d be f/1 - (15 - o). Give w(d).
-1
Suppose 5*t - 47 = -4*g, -2*g - t = 4*t - 31. Suppose 0 = -2*y - 0 - 6, 0 = -4*l + 4*y - g. Let s(k) = -k - 7. What is s(l)?
-2
Let n(z) be the first derivative of z**7/420 - z**5/120 + 28*z**3/3 + 82. Let h(s) be the third derivative of n(s). Give h(1).
1
Let p be -10 - (12 - 5 - 20)/1. Let v(d) = 3 + 3 - 3*d + d - 3*d. What is v(p)?
-9
Let l(j) = -5*j**2 + 2*j + 4. Let r(o) = 33*o**2 + 98*o. Let n be r(-3). Calculate l(n).
-35
Let g(r) = r**3 - 6*r**2 - 3. Let n(t) = 21*t + 330. Let p be n(-15). Suppose 3*o - 21 = -3*b, o - p = -4*b - 5. What is g(o)?
-3
Let l(b) be the third derivative of 3*b**4/8 - 11*b**3/2 - 7568*b**2. What is l(12)?
75
Suppose 58*w = 62*w - 16. Suppose -k + 0*z = -5*z - 2, -8 = -4*k + w*z. Let s(h) = 3*h - 9*h + 4 - k*h - 3. Give s(-1).
9
Let f(p) = -p + 17. Suppose 2*x = -7 + 263. Let v be 8/40 + x/10. Give f(v).
4
Let l be (-8 - 396/(-54))*6. Let r(z) = -z**2 + 5. What is r(l)?
-11
Let c(v) be the second derivative of 1/2*v**3 - 3*v + 10*v**2 - 10. Determine c(-14).
-22
Let q(r) = -1 - 111651*r + 2 + 111683*r. What is q(3)?
97
Suppose -3*l + 13 = -5. Let w(p) = -3*p**3 - 18*p**2 + 26*p + 29. Let f(x) = -x**3 - 7*x**2 + 9*x + 10. Let b(s) = 11*f(s) - 4*w(s). Calculate b(l).
0
Let t(i) = -2*i - 22. Suppose -53*h = 74*h - 2159. What is t(h)?
-56
Let o(n) = -18*n - 12. Suppose -2*t = 2*c + 22, -t - 4*c - 33 = 2*t. Let l(j) = 10*j + 7. Let r(w) = t*l(w) - 6*o(w). Give r(-10).
15
Let s(b) = 5*b - 4. Let k(y) = -y. Let w(t) = -3*k(t) + s(t). What is w(-5)?
-44
Let h(r) = 4*r - 3. Let a(t) = 4*t - 8. Let g be a(3). Suppose 0 = g*u - 3*u + 3. Let l = 0 + u. Calculate h(l).
-15
Let o(y) = 2*y**2 + 4*y - 11. Let w be (-46)/6 + (-265)/(-159). Determine o(w).
37
Let o(y) be the second derivative of 20*y**3/3 - 217*y**2/2 + 13*y - 13. What is o(6)?
23
Let z(f) be the second derivative of -4/3*f**3 + 8*f + 2*f**2 + 2 + 1/6*f**4. What is z(6)?
28
Let i(y) be the third derivative of y**5/30 - y**4/8 - y**3/2 + 8*y**2. Let l = 9305 + -9302. What is i(l)?
6
Let d = 6000 + -5988. Let l(k) = 3*k - 24. Give l(d).
12
Let b be 10 - 195/(15 + 0) - (-8)/2. Let y(j) = 46*j - 4. Determine y(b).
42
Let o(h) = -12*h**2 + 49*h - 31. Let w(a) = 11*a**2 - 46*a + 34. Let z(k) = -10*o(k) - 11*w(k). Give z(7).
-1
Let n(k) = -6*k**3 - 5*k**2 - 5*k + 22. Let l(a) = 4*a + 31. Let s be l(-9). Let y(z) = 5*z**3 + 4*z**2 + 4*z - 21. Let j(w) = s*y(w) - 4*n(w). Calculate j(0).
17
Let b = 6088 - 12175/2. Let k(w) be the first derivative of -b*